{"id":22,"date":"2022-03-29T23:32:03","date_gmt":"2022-03-29T23:32:03","guid":{"rendered":"https:\/\/www.ariisg.com\/randevu\/?page_id=22"},"modified":"2022-04-03T13:29:51","modified_gmt":"2022-04-03T13:29:51","slug":"customer-dashboard","status":"publish","type":"page","link":"https:\/\/www.ariisg.com\/randevu\/customer-dashboard\/","title":{"rendered":"Dashboard"},"content":{"rendered":"<p>[vc_row][vc_column width=&#8221;1\/6&#8243;][\/vc_column][vc_column width=&#8221;2\/3&#8243;][vc_wp_text]<\/p>\r\n<h1 style=\"text-align: center;\">DASHBOARD<\/h1>\r\n<p>[\/vc_wp_text][vc_column_text]<\/p>\r\n<blockquote>\r\n<p style=\"text-align: center;\"><strong><div class=\"latepoint-w\">\n\t<div class=\"os-form-w latepoint-login-form-w\">\n\t\t<h4>Hesab\u0131n\u0131za giri\u015f yap\u0131n<\/h4>\n\t\t<form action=\"\" data-os-action=\"customer_cabinet__do_login\" data-os-success-action=\"redirect\">\n\t\t\t<div class =\"os-form-group os-form-textfield-group os-form-group-transparent\" ><label for=\"customer_login_email\">E-Posta Adresi<\/label><input  type=\"text\" placeholder=\"E-Posta Adresi\" name=\"customer_login[email]\" value=\"\" id=\"customer_login_email\" class=\"os-form-control\" \/><\/div>\t\t\t<div class=\"os-form-group os-form-textfield-group os-form-group-transparent\" ><label for=\"customer_login_password\">\u015eifre<\/label><input type=\"password\" placeholder=\"\u015eifre\" name=\"customer_login[password]\" value=\"\" id=\"customer_login_password\" class=\"os-form-control\" \/><\/div>\t\t\t<div class=\"os-form-buttons os-flex\">\n\t\t\t\t<div class=\"os-form-group\"><button type=\"submit\" name=\"submit\" class=\"latepoint-btn\" id=\"submit\" >Giri\u015f yap<\/button><\/div>\t\t\t\t<a href=\"#\" class=\"latepoint-btn latepoint-btn-primary latepoint-btn-link\" data-os-action=\"customer_cabinet__request_password_reset_token\" data-os-output-target=\".latepoint-login-form-w\">\u015eifrenizi Mi Unuttunuz?<\/a>\n\t\t\t<\/div>\n\t\t\t\t\t<\/form>\n\t<\/div>\n<\/div><\/strong><\/p>\r\n<\/blockquote>\r\n<p style=\"text-align: center;\"><!-- \/wp:post-content --><\/p>\r\n<p style=\"text-align: center;\"><!-- wp:paragraph --><\/p>\r\n<p>[\/vc_column_text][\/vc_column][vc_column width=&#8221;1\/6&#8243;][\/vc_column][\/vc_row]<\/p>","protected":false},"excerpt":{"rendered":"<p>[vc_row][vc_column width=&#8221;1\/6&#8243;][\/vc_column][vc_column width=&#8221;2\/3&#8243;][vc_wp_text] DASHBOARD [\/vc_wp_text][vc_column_text] [\/vc_column_text][\/vc_column][vc_column width=&#8221;1\/6&#8243;][\/vc_column][\/vc_row]<\/p>\n","protected":false},"author":1,"featured_media":0,"parent":0,"menu_order":0,"comment_status":"closed","ping_status":"closed","template":"","meta":{"_coblocks_attr":"","_coblocks_dimensions":"","_coblocks_responsive_height":"","_coblocks_accordion_ie_support":"","_crdt_document":"","footnotes":""},"class_list":["post-22","page","type-page","status-publish","hentry"],"_links":{"self":[{"href":"https:\/\/www.ariisg.com\/randevu\/wp-json\/wp\/v2\/pages\/22","targetHints":{"allow":["GET"]}}],"collection":[{"href":"https:\/\/www.ariisg.com\/randevu\/wp-json\/wp\/v2\/pages"}],"about":[{"href":"https:\/\/www.ariisg.com\/randevu\/wp-json\/wp\/v2\/types\/page"}],"author":[{"embeddable":true,"href":"https:\/\/www.ariisg.com\/randevu\/wp-json\/wp\/v2\/users\/1"}],"replies":[{"embeddable":true,"href":"https:\/\/www.ariisg.com\/randevu\/wp-json\/wp\/v2\/comments?post=22"}],"version-history":[{"count":0,"href":"https:\/\/www.ariisg.com\/randevu\/wp-json\/wp\/v2\/pages\/22\/revisions"}],"wp:attachment":[{"href":"https:\/\/www.ariisg.com\/randevu\/wp-json\/wp\/v2\/media?parent=22"}],"curies":[{"name":"wp","href":"https:\/\/api.w.org\/{rel}","templated":true}]}}